{"id":5158,"date":"2018-01-17T14:27:00","date_gmt":"2018-01-17T13:27:00","guid":{"rendered":"http:\/\/zallan.se\/?page_id=5158"},"modified":"2019-05-08T13:25:02","modified_gmt":"2019-05-08T11:25:02","slug":"kak-mordegskakor-med-kokosmarang","status":"publish","type":"page","link":"https:\/\/zallan.se\/?page_id=5158","title":{"rendered":"M\u00f6rdegskakor med kokosmar\u00e4ng"},"content":{"rendered":"<p><div class=\"fusion-fullwidth fullwidth-box fusion-builder-row-1 nonhundred-percent-fullwidth non-hundred-percent-height-scrolling\" style=\"--awb-border-radius-top-left:0px;--awb-border-radius-top-right:0px;--awb-border-radius-bottom-right:0px;--awb-border-radius-bottom-left:0px;--awb-flex-wrap:wrap;\" ><div class=\"fusion-builder-row fusion-row\"><div class=\"fusion-layout-column fusion_builder_column fusion-builder-column-0 fusion_builder_column_1_2 1_2 fusion-one-half fusion-column-first\" style=\"--awb-bg-size:cover;width:50%;width:calc(50% - ( ( 4% ) * 0.5 ) );margin-right: 4%;\"><div class=\"fusion-column-wrapper fusion-flex-column-wrapper-legacy\"><div class=\"fusion-image-element in-legacy-container\" style=\"--awb-caption-title-font-family:var(--h2_typography-font-family);--awb-caption-title-font-weight:var(--h2_typography-font-weight);--awb-caption-title-font-style:var(--h2_typography-font-style);--awb-caption-title-size:var(--h2_typography-font-size);--awb-caption-title-transform:var(--h2_typography-text-transform);--awb-caption-title-line-height:var(--h2_typography-line-height);--awb-caption-title-letter-spacing:var(--h2_typography-letter-spacing);\"><span class=\" fusion-imageframe imageframe-none imageframe-1 hover-type-none\"><img decoding=\"async\" width=\"420\" height=\"315\" title=\"M\u00f6rdegskakor med kokosmar\u00e4ngs\" src=\"http:\/\/zallan.se\/wp-content\/uploads\/2018\/01\/M\u00f6rdegskakor-med-kokosmar\u00e4ngs.jpg\" alt class=\"img-responsive wp-image-5174\" srcset=\"https:\/\/zallan.se\/wp-content\/uploads\/2018\/01\/M\u00f6rdegskakor-med-kokosmar\u00e4ngs-200x150.jpg 200w, https:\/\/zallan.se\/wp-content\/uploads\/2018\/01\/M\u00f6rdegskakor-med-kokosmar\u00e4ngs-400x300.jpg 400w, https:\/\/zallan.se\/wp-content\/uploads\/2018\/01\/M\u00f6rdegskakor-med-kokosmar\u00e4ngs.jpg 420w\" sizes=\"(max-width: 900px) 100vw, 420px\" \/><\/span><\/div><div class=\"fusion-clearfix\"><\/div><\/div><\/div><div class=\"fusion-layout-column fusion_builder_column fusion-builder-column-1 fusion_builder_column_1_2 1_2 fusion-one-half fusion-column-last\" style=\"--awb-bg-size:cover;width:50%;width:calc(50% - ( ( 4% ) * 0.5 ) );\"><div class=\"fusion-column-wrapper fusion-flex-column-wrapper-legacy\"><div class=\"fusion-title title fusion-title-1 fusion-sep-none fusion-title-text fusion-title-size-two\" style=\"--awb-margin-top-small:10px;--awb-margin-right-small:0px;--awb-margin-bottom-small:10px;--awb-margin-left-small:0px;\"><h2 class=\"fusion-title-heading title-heading-left fusion-responsive-typography-calculated\" style=\"margin:0;--fontSize:23;line-height:1.5;\"><strong>M\u00f6rdegskakor med kokosmar\u00e4ng<\/strong><\/h2><\/div><div class=\"fusion-text fusion-text-1\"><p><em>ca 30 st<\/em><br \/>\n2\u00bd-3 dl vetemj\u00f6l<br \/>\n\u00bd dl potatismj\u00f6l<br \/>\n3\/4 dl str\u00f6socker<br \/>\n\u00bd tsk bakpulver<br \/>\nca 160 g sm\u00f6r<br \/>\n1 \u00e4ggula<br \/>\n<em>Topping<br \/>\n<\/em>2 \u00e4ggvitor<br \/>\n1 dl florsocker<br \/>\n1 dl kokosflingor<\/p>\n<\/div><div class=\"fusion-clearfix\"><\/div><\/div><\/div><\/div><\/div><div class=\"fusion-fullwidth fullwidth-box fusion-builder-row-2 nonhundred-percent-fullwidth non-hundred-percent-height-scrolling\" style=\"--awb-border-radius-top-left:0px;--awb-border-radius-top-right:0px;--awb-border-radius-bottom-right:0px;--awb-border-radius-bottom-left:0px;--awb-flex-wrap:wrap;\" ><div class=\"fusion-builder-row fusion-row\"><div class=\"fusion-layout-column fusion_builder_column fusion-builder-column-2 fusion_builder_column_1_1 1_1 fusion-one-full fusion-column-first fusion-column-last\" style=\"--awb-bg-size:cover;\"><div class=\"fusion-column-wrapper fusion-flex-column-wrapper-legacy\"><div class=\"fusion-text fusion-text-2\"><p>Arbeta snabbt samman degen i en matberedare, s\u00e5 den precis g\u00e5r ihop. Om man vill kan man provbaka en kaka (utan mar\u00e4ng) f\u00f6r att se om kakorna h\u00e5ller formen. Flyter de ut beh\u00f6vs lite mer mj\u00f6l. Forma sen tv\u00e5 rullar, plasta in och l\u00e5t vila i kylsk\u00e5p ca en timme. S\u00e4tt ugnen p\u00e5 175\u00b0. Vispa \u00e4ggvitorna till h\u00e5rt skum, tills\u00e4tt florsockret lite i taget och forts\u00e4tt vispa till ett tjockt skum. V\u00e4nd f\u00f6rsiktigt ner kokosflingorna. Sk\u00e4r rullarna i skivor och l\u00e4gg p\u00e5 pl\u00e5t med bakpl\u00e5tspapper. L\u00e4gg en klick kokossmet p\u00e5 varje kaka. Gr\u00e4dda mitt i ugnen i ca 15 minuter.<br \/>\nReceptet \u00e4r l\u00e5nat fr\u00e5n Matmagasinet nr 8\/2017 och rekommenderas varmt.<\/p>\n<\/div><div class=\"fusion-clearfix\"><\/div><\/div><\/div><\/div><\/div><\/p>\n","protected":false},"excerpt":{"rendered":"","protected":false},"author":3,"featured_media":0,"parent":216,"menu_order":113,"comment_status":"closed","ping_status":"closed","template":"","meta":{"footnotes":""},"class_list":["post-5158","page","type-page","status-publish","hentry"],"_links":{"self":[{"href":"https:\/\/zallan.se\/index.php?rest_route=\/wp\/v2\/pages\/5158","targetHints":{"allow":["GET"]}}],"collection":[{"href":"https:\/\/zallan.se\/index.php?rest_route=\/wp\/v2\/pages"}],"about":[{"href":"https:\/\/zallan.se\/index.php?rest_route=\/wp\/v2\/types\/page"}],"author":[{"embeddable":true,"href":"https:\/\/zallan.se\/index.php?rest_route=\/wp\/v2\/users\/3"}],"replies":[{"embeddable":true,"href":"https:\/\/zallan.se\/index.php?rest_route=%2Fwp%2Fv2%2Fcomments&post=5158"}],"version-history":[{"count":1,"href":"https:\/\/zallan.se\/index.php?rest_route=\/wp\/v2\/pages\/5158\/revisions"}],"predecessor-version":[{"id":5966,"href":"https:\/\/zallan.se\/index.php?rest_route=\/wp\/v2\/pages\/5158\/revisions\/5966"}],"up":[{"embeddable":true,"href":"https:\/\/zallan.se\/index.php?rest_route=\/wp\/v2\/pages\/216"}],"wp:attachment":[{"href":"https:\/\/zallan.se\/index.php?rest_route=%2Fwp%2Fv2%2Fmedia&parent=5158"}],"curies":[{"name":"wp","href":"https:\/\/api.w.org\/{rel}","templated":true}]}}