{"id":41,"date":"2013-11-17T14:57:38","date_gmt":"2013-11-17T13:57:38","guid":{"rendered":"http:\/\/zallan.se\/?page_id=41"},"modified":"2019-01-11T11:11:17","modified_gmt":"2019-01-11T10:11:17","slug":"tradgard","status":"publish","type":"page","link":"https:\/\/zallan.se\/?page_id=41","title":{"rendered":"Tr\u00e4dg\u00e5rd"},"content":{"rendered":"<div class=\"fusion-fullwidth fullwidth-box fusion-builder-row-1 hundred-percent-fullwidth non-hundred-percent-height-scrolling\" style=\"--awb-border-radius-top-left:0px;--awb-border-radius-top-right:0px;--awb-border-radius-bottom-right:0px;--awb-border-radius-bottom-left:0px;--awb-overflow:visible;--awb-flex-wrap:wrap;\" ><div class=\"fusion-builder-row fusion-row\"><div class=\"fusion-layout-column fusion_builder_column fusion-builder-column-0 fusion_builder_column_3_4 3_4 fusion-three-fourth fusion-column-first\" style=\"--awb-bg-size:cover;width:75%;width:calc(75% - ( ( 4% ) * 0.75 ) );margin-right: 4%;\"><div class=\"fusion-column-wrapper fusion-flex-column-wrapper-legacy\">\n<h2><strong>24 april 2010<\/strong><\/h2>\n<p><a href=\"http:\/\/zallan.se\/wp-content\/uploads\/2013\/11\/radjur.jpg\"><img decoding=\"async\" class=\"alignnone size-full wp-image-2027\" src=\"http:\/\/zallan.se\/wp-content\/uploads\/2013\/11\/radjur.jpg\" alt=\"radjur\" width=\"560\" height=\"404\" srcset=\"https:\/\/zallan.se\/wp-content\/uploads\/2013\/11\/radjur-360x259.jpg 360w, https:\/\/zallan.se\/wp-content\/uploads\/2013\/11\/radjur.jpg 560w\" sizes=\"(max-width: 560px) 100vw, 560px\" \/><\/a><\/p>\n<p>Trots den regniga sommaren, eller kanske tack vare, ha det blommat v\u00e4ldigt bra i tr\u00e4dg\u00e5rden. Jag jordf\u00f6rb\u00e4ttrade ganska tidigt p\u00e5 v\u00e5ren med kompost och kog\u00f6dsel och f\u00f6rs\u00f6kte h\u00e5lla r\u00e5djur och m\u00f6rdarsniglar borta. R\u00e5djuren \u00e4ter upp allt fr\u00e5n tulpaner till rosenknoppar och sockerb\u00f6nor. Vi har bundit metrev i nylon runt rabatterna och det har hj\u00e4lpt till att h\u00e5lla r\u00e5djuren borta. Kiden lyckades dock ta sig under linan s\u00e5 vi blev tvungna att binda ytterligare en lina p\u00e5 lite l\u00e4gre niv\u00e5.<\/p>\n<p><a href=\"http:\/\/zallan.se\/wp-content\/uploads\/2013\/11\/lobelia.jpg\"><img decoding=\"async\" class=\"alignnone size-full wp-image-2028\" src=\"http:\/\/zallan.se\/wp-content\/uploads\/2013\/11\/lobelia.jpg\" alt=\"lobelia\" width=\"150\" height=\"113\" \/><\/a><\/p>\n<p>Foto p\u00e5\u00a0v\u00e5r tr\u00e4dg\u00e5rd f\u00f6rra sommaren n\u00e4r lobeliorna blommade som vackrast. Och i bakgrunden kryddtagetes.<div class=\"fusion-sep-clear\"><\/div><div class=\"fusion-separator fusion-full-width-sep\" style=\"margin-left: auto;margin-right: auto;margin-top:40px;margin-bottom:40px;width:100%;\"><div class=\"fusion-separator-border sep-shadow\" style=\"--awb-height:20px;--awb-amount:20px;background:radial-gradient(ellipse at 50% -50% , #e0dede 0px, rgba(255, 255, 255, 0) 80%) repeat scroll 0 0 rgba(0, 0, 0, 0);background:-webkit-radial-gradient(ellipse at 50% -50% , #e0dede 0px, rgba(255, 255, 255, 0) 80%) repeat scroll 0 0 rgba(0, 0, 0, 0);background:-moz-radial-gradient(ellipse at 50% -50% , #e0dede 0px, rgba(255, 255, 255, 0) 80%) repeat scroll 0 0 rgba(0, 0, 0, 0);background:-o-radial-gradient(ellipse at 50% -50% , #e0dede 0px, rgba(255, 255, 255, 0) 80%) repeat scroll 0 0 rgba(0, 0, 0, 0);\"><\/div><\/div><div class=\"fusion-sep-clear\"><\/div>\n<div class=\"fusion-clearfix\"><\/div><\/div><\/div><\/div><\/div>\n","protected":false},"excerpt":{"rendered":"","protected":false},"author":3,"featured_media":0,"parent":0,"menu_order":279,"comment_status":"open","ping_status":"open","template":"","meta":{"footnotes":""},"class_list":["post-41","page","type-page","status-publish","hentry"],"_links":{"self":[{"href":"https:\/\/zallan.se\/index.php?rest_route=\/wp\/v2\/pages\/41","targetHints":{"allow":["GET"]}}],"collection":[{"href":"https:\/\/zallan.se\/index.php?rest_route=\/wp\/v2\/pages"}],"about":[{"href":"https:\/\/zallan.se\/index.php?rest_route=\/wp\/v2\/types\/page"}],"author":[{"embeddable":true,"href":"https:\/\/zallan.se\/index.php?rest_route=\/wp\/v2\/users\/3"}],"replies":[{"embeddable":true,"href":"https:\/\/zallan.se\/index.php?rest_route=%2Fwp%2Fv2%2Fcomments&post=41"}],"version-history":[{"count":0,"href":"https:\/\/zallan.se\/index.php?rest_route=\/wp\/v2\/pages\/41\/revisions"}],"wp:attachment":[{"href":"https:\/\/zallan.se\/index.php?rest_route=%2Fwp%2Fv2%2Fmedia&parent=41"}],"curies":[{"name":"wp","href":"https:\/\/api.w.org\/{rel}","templated":true}]}}