{"id":368,"date":"2013-12-29T17:15:16","date_gmt":"2013-12-29T16:15:16","guid":{"rendered":"http:\/\/zallan.se\/?page_id=368"},"modified":"2019-05-08T17:08:12","modified_gmt":"2019-05-08T15:08:12","slug":"kycklinggryta-med-kardemumma","status":"publish","type":"page","link":"https:\/\/zallan.se\/?page_id=368","title":{"rendered":"Kycklinggryta med kardemumma"},"content":{"rendered":"<div class=\"fusion-fullwidth fullwidth-box fusion-builder-row-1 hundred-percent-fullwidth non-hundred-percent-height-scrolling\" style=\"--awb-border-radius-top-left:0px;--awb-border-radius-top-right:0px;--awb-border-radius-bottom-right:0px;--awb-border-radius-bottom-left:0px;--awb-overflow:visible;--awb-padding-right:30px;--awb-padding-left:30px;--awb-flex-wrap:wrap;\" ><div class=\"fusion-builder-row fusion-row\"><div class=\"fusion-layout-column fusion_builder_column fusion-builder-column-0 fusion_builder_column_1_2 1_2 fusion-one-half fusion-column-first\" style=\"--awb-bg-size:cover;width:50%;width:calc(50% - ( ( 4% ) * 0.5 ) );margin-right: 4%;\"><div class=\"fusion-column-wrapper fusion-flex-column-wrapper-legacy\"><div class=\"fusion-text fusion-text-1\"><h2><strong>Kycklinggryta med kardemumma<\/strong><\/h2>\n<p><strong>4 pers<\/strong><\/p>\n<p>600 g kycklingfil\u00e9,<br \/>\n2 vitl\u00f6ksklyftor<br \/>\n\u00bd tsk salt<br \/>\n1 dl l\u00e4tt cr\u00e8me fraiche<br \/>\n1\u00bd dl matlagningsgr\u00e4dde<br \/>\n\u00bd tsk krossade kardemummak\u00e4rnor<br \/>\n1 tsk soja<br \/>\n2 tsk sambal oelek<br \/>\nsm\u00f6r el margarin<br \/>\nrivet skal av \u00bd lime<\/p>\n<p>Rosta hackad vitl\u00f6k och grovkrossad kardemumma f\u00f6rsiktigt i lite sm\u00f6r. Tills\u00e4tt det rivna limeskalet och sambal oelek, r\u00f6r om och st\u00e4ll kryddblandningen \u00e5t sidan. Ska ej brynas. Sk\u00e4r kycklingen i bitar och bryn den runtom i sm\u00f6r. Salta och tills\u00e4tt kryddblandningen, cr\u00e8me fraiche, gr\u00e4dde och soja. Tillaga under lock ca 10 min. Smaka ev av med mer salt och vrid n\u00e5gra varv med pepparkvarnen. Servera med kokt ris och brynta strimlade mor\u00f6tter.<\/p>\n<\/div><div class=\"fusion-sep-clear\"><\/div><div class=\"fusion-separator fusion-full-width-sep\" style=\"margin-left: auto;margin-right: auto;margin-top:40px;margin-bottom:40px;width:100%;\"><div class=\"fusion-separator-border sep-shadow\" style=\"--awb-height:20px;--awb-amount:20px;background:radial-gradient(ellipse at 50% -50% , #e0dede 0px, rgba(255, 255, 255, 0) 80%) repeat scroll 0 0 rgba(0, 0, 0, 0);background:-webkit-radial-gradient(ellipse at 50% -50% , #e0dede 0px, rgba(255, 255, 255, 0) 80%) repeat scroll 0 0 rgba(0, 0, 0, 0);background:-moz-radial-gradient(ellipse at 50% -50% , #e0dede 0px, rgba(255, 255, 255, 0) 80%) repeat scroll 0 0 rgba(0, 0, 0, 0);background:-o-radial-gradient(ellipse at 50% -50% , #e0dede 0px, rgba(255, 255, 255, 0) 80%) repeat scroll 0 0 rgba(0, 0, 0, 0);\"><\/div><\/div><div class=\"fusion-sep-clear\"><\/div><div class=\"fusion-clearfix\"><\/div><\/div><\/div><\/div><\/div>\n","protected":false},"excerpt":{"rendered":"","protected":false},"author":3,"featured_media":0,"parent":217,"menu_order":153,"comment_status":"open","ping_status":"open","template":"100-width.php","meta":{"footnotes":""},"class_list":["post-368","page","type-page","status-publish","hentry"],"_links":{"self":[{"href":"https:\/\/zallan.se\/index.php?rest_route=\/wp\/v2\/pages\/368","targetHints":{"allow":["GET"]}}],"collection":[{"href":"https:\/\/zallan.se\/index.php?rest_route=\/wp\/v2\/pages"}],"about":[{"href":"https:\/\/zallan.se\/index.php?rest_route=\/wp\/v2\/types\/page"}],"author":[{"embeddable":true,"href":"https:\/\/zallan.se\/index.php?rest_route=\/wp\/v2\/users\/3"}],"replies":[{"embeddable":true,"href":"https:\/\/zallan.se\/index.php?rest_route=%2Fwp%2Fv2%2Fcomments&post=368"}],"version-history":[{"count":1,"href":"https:\/\/zallan.se\/index.php?rest_route=\/wp\/v2\/pages\/368\/revisions"}],"predecessor-version":[{"id":6013,"href":"https:\/\/zallan.se\/index.php?rest_route=\/wp\/v2\/pages\/368\/revisions\/6013"}],"up":[{"embeddable":true,"href":"https:\/\/zallan.se\/index.php?rest_route=\/wp\/v2\/pages\/217"}],"wp:attachment":[{"href":"https:\/\/zallan.se\/index.php?rest_route=%2Fwp%2Fv2%2Fmedia&parent=368"}],"curies":[{"name":"wp","href":"https:\/\/api.w.org\/{rel}","templated":true}]}}