{"id":3561,"date":"2015-07-06T16:21:41","date_gmt":"2015-07-06T14:21:41","guid":{"rendered":"http:\/\/zallan.se\/?page_id=3561"},"modified":"2019-05-08T17:20:01","modified_gmt":"2019-05-08T15:20:01","slug":"mat-dansk-halsolimpa","status":"publish","type":"page","link":"https:\/\/zallan.se\/?page_id=3561","title":{"rendered":"Dansk h\u00e4lsolimpa"},"content":{"rendered":"<div class=\"fusion-fullwidth fullwidth-box fusion-builder-row-1 hundred-percent-fullwidth non-hundred-percent-height-scrolling\" style=\"--awb-border-radius-top-left:0px;--awb-border-radius-top-right:0px;--awb-border-radius-bottom-right:0px;--awb-border-radius-bottom-left:0px;--awb-overflow:visible;--awb-flex-wrap:wrap;\" ><div class=\"fusion-builder-row fusion-row\"><div class=\"fusion-layout-column fusion_builder_column fusion-builder-column-0 fusion_builder_column_1_2 1_2 fusion-one-half fusion-column-first\" style=\"--awb-bg-size:cover;width:50%;width:calc(50% - ( ( 4% ) * 0.5 ) );margin-right: 4%;\"><div class=\"fusion-column-wrapper fusion-flex-column-wrapper-legacy\"><div class=\"fusion-text fusion-text-1\"><p><a href=\"http:\/\/zallan.se\/wp-content\/uploads\/2015\/07\/Dansk-halsolimpa1.jpg\"><img decoding=\"async\" class=\"alignright wp-image-3808 \" src=\"http:\/\/zallan.se\/wp-content\/uploads\/2015\/07\/Dansk-halsolimpa1-200x150.jpg\" alt=\"\" width=\"461\" height=\"346\" srcset=\"https:\/\/zallan.se\/wp-content\/uploads\/2015\/07\/Dansk-halsolimpa1-180x135.jpg 180w, https:\/\/zallan.se\/wp-content\/uploads\/2015\/07\/Dansk-halsolimpa1-200x150.jpg 200w, https:\/\/zallan.se\/wp-content\/uploads\/2015\/07\/Dansk-halsolimpa1-360x270.jpg 360w, https:\/\/zallan.se\/wp-content\/uploads\/2015\/07\/Dansk-halsolimpa1.jpg 560w\" sizes=\"(max-width: 461px) 100vw, 461px\" \/><\/a><\/p>\n<\/div><div class=\"fusion-clearfix\"><\/div><\/div><\/div><div class=\"fusion-layout-column fusion_builder_column fusion-builder-column-1 fusion_builder_column_1_2 1_2 fusion-one-half fusion-column-last\" style=\"--awb-bg-size:cover;width:50%;width:calc(50% - ( ( 4% ) * 0.5 ) );\"><div class=\"fusion-column-wrapper fusion-flex-column-wrapper-legacy\"><div class=\"fusion-text fusion-text-2\"><h2><strong>Dansk h\u00e4lsolimpa<\/strong><\/h2>\n<p><strong>3 st 1\u00bd-litersformar<\/strong><\/p>\n<p>100 g torrj\u00e4st<br \/>\n17 dl vatten<br \/>\n\u00bd dl m\u00f6rk sirap<br \/>\nca 2 msk salt<br \/>\n100 g solrosk\u00e4rnor<br \/>\n100 g r\u00e5gkross<br \/>\n100 g matvete eller vetekross<br \/>\n100 g linfr\u00f6<br \/>\n400 g r\u00e5gmj\u00f6l<br \/>\n400 g grahamsmj\u00f6l<br \/>\n400 g fullkornsdinkel el lantvete<br \/>\n400 g vetemj\u00f6l, g\u00e4rna special<\/p>\n<\/div><div class=\"fusion-clearfix\"><\/div><\/div><\/div><div class=\"fusion-layout-column fusion_builder_column fusion-builder-column-2 fusion_builder_column_1_1 1_1 fusion-one-full fusion-column-first fusion-column-last\" style=\"--awb-bg-size:cover;--awb-margin-bottom:0px;\"><div class=\"fusion-column-wrapper fusion-flex-column-wrapper-legacy\"><div class=\"fusion-text fusion-text-3\"><p>S\u00e4tt ugnen p\u00e5 275\u00b0, 250 f\u00f6r varmluft. Sm\u00f6rj och br\u00f6a formarna v\u00e4l eller l\u00e4gg i bakpl\u00e5tspapper. Blanda alla torra ingredienser i en matberedare och r\u00f6r om. V\u00e4rm vattnet till 50\u00b0, inte kallare, och h\u00e4ll \u00f6ver i bunken. K\u00f6r maskinen i minst 5 minuter s\u00e5 degen blir v\u00e4l blandad. Den ska vara ganska l\u00f6s. F\u00f6rdela degen direkt i formarna och sl\u00e4ta till lite l\u00e4tt. L\u00e5t j\u00e4sa 30-40 min s\u00e5 de n\u00e5r upp till kanten. Pricka br\u00f6den t\u00e4tt med en gaffel doppad i mj\u00f6l s\u00e5 den inte fastnar och s\u00e4tt in i den heta ugnen. S\u00e4nk v\u00e4rmen till 200 \u00b0, 180 varmluft, efter 5 minuter. Gr\u00e4dda ca 40 minuter, tag sen br\u00f6den ur formarna och gr\u00e4dda i ytterligare ca 10 min. Innertemperaturen ska vara 98\u00b0 n\u00e4r br\u00f6den \u00e4r klara. Linda in i bakdukar och l\u00e5t vila \u00f6ver natten. Sk\u00e4r sedan i tunna skivor.<\/p>\n<\/div><div class=\"fusion-clearfix\"><\/div><\/div><\/div><div class=\"fusion-layout-column fusion_builder_column fusion-builder-column-3 fusion_builder_column_1_1 1_1 fusion-one-full fusion-column-first fusion-column-last fusion-column-no-min-height\" style=\"--awb-bg-size:cover;--awb-margin-bottom:0px;\"><div class=\"fusion-column-wrapper fusion-flex-column-wrapper-legacy\"><div class=\"fusion-sep-clear\"><\/div><div class=\"fusion-separator fusion-full-width-sep\" style=\"margin-left: auto;margin-right: auto;margin-top:40px;margin-bottom:40px;width:100%;\"><div class=\"fusion-separator-border sep-shadow\" style=\"--awb-height:20px;--awb-amount:20px;background:radial-gradient(ellipse at 50% -50% , #e0dede 0px, rgba(255, 255, 255, 0) 80%) repeat scroll 0 0 rgba(0, 0, 0, 0);background:-webkit-radial-gradient(ellipse at 50% -50% , #e0dede 0px, rgba(255, 255, 255, 0) 80%) repeat scroll 0 0 rgba(0, 0, 0, 0);background:-moz-radial-gradient(ellipse at 50% -50% , #e0dede 0px, rgba(255, 255, 255, 0) 80%) repeat scroll 0 0 rgba(0, 0, 0, 0);background:-o-radial-gradient(ellipse at 50% -50% , #e0dede 0px, rgba(255, 255, 255, 0) 80%) repeat scroll 0 0 rgba(0, 0, 0, 0);\"><\/div><\/div><div class=\"fusion-sep-clear\"><\/div><div class=\"fusion-clearfix\"><\/div><\/div><\/div><\/div><\/div>\n","protected":false},"excerpt":{"rendered":"","protected":false},"author":3,"featured_media":0,"parent":221,"menu_order":168,"comment_status":"open","ping_status":"open","template":"","meta":{"footnotes":""},"class_list":["post-3561","page","type-page","status-publish","hentry"],"_links":{"self":[{"href":"https:\/\/zallan.se\/index.php?rest_route=\/wp\/v2\/pages\/3561","targetHints":{"allow":["GET"]}}],"collection":[{"href":"https:\/\/zallan.se\/index.php?rest_route=\/wp\/v2\/pages"}],"about":[{"href":"https:\/\/zallan.se\/index.php?rest_route=\/wp\/v2\/types\/page"}],"author":[{"embeddable":true,"href":"https:\/\/zallan.se\/index.php?rest_route=\/wp\/v2\/users\/3"}],"replies":[{"embeddable":true,"href":"https:\/\/zallan.se\/index.php?rest_route=%2Fwp%2Fv2%2Fcomments&post=3561"}],"version-history":[{"count":1,"href":"https:\/\/zallan.se\/index.php?rest_route=\/wp\/v2\/pages\/3561\/revisions"}],"predecessor-version":[{"id":6021,"href":"https:\/\/zallan.se\/index.php?rest_route=\/wp\/v2\/pages\/3561\/revisions\/6021"}],"up":[{"embeddable":true,"href":"https:\/\/zallan.se\/index.php?rest_route=\/wp\/v2\/pages\/221"}],"wp:attachment":[{"href":"https:\/\/zallan.se\/index.php?rest_route=%2Fwp%2Fv2%2Fmedia&parent=3561"}],"curies":[{"name":"wp","href":"https:\/\/api.w.org\/{rel}","templated":true}]}}