{"id":3110,"date":"2014-11-01T16:22:01","date_gmt":"2014-11-01T15:22:01","guid":{"rendered":"http:\/\/zallan.se\/?page_id=3110"},"modified":"2019-05-08T17:57:58","modified_gmt":"2019-05-08T15:57:58","slug":"potatislimpa","status":"publish","type":"page","link":"https:\/\/zallan.se\/?page_id=3110","title":{"rendered":"Potatislimpa"},"content":{"rendered":"<div class=\"fusion-fullwidth fullwidth-box fusion-builder-row-1 hundred-percent-fullwidth non-hundred-percent-height-scrolling\" style=\"--awb-border-radius-top-left:0px;--awb-border-radius-top-right:0px;--awb-border-radius-bottom-right:0px;--awb-border-radius-bottom-left:0px;--awb-overflow:visible;--awb-flex-wrap:wrap;\" ><div class=\"fusion-builder-row fusion-row\"><div class=\"fusion-layout-column fusion_builder_column fusion-builder-column-0 fusion_builder_column_1_2 1_2 fusion-one-half fusion-column-first\" style=\"--awb-bg-size:cover;width:50%;width:calc(50% - ( ( 4% ) * 0.5 ) );margin-right: 4%;\"><div class=\"fusion-column-wrapper fusion-flex-column-wrapper-legacy\"><div class=\"fusion-text fusion-text-1\"><p><img decoding=\"async\" class=\"alignnone size-full wp-image-3138\" src=\"http:\/\/zallan.se\/wp-content\/uploads\/2014\/11\/potatislimpa-jaesning1.jpg\" alt=\"\" width=\"560\" height=\"254\" srcset=\"https:\/\/zallan.se\/wp-content\/uploads\/2014\/11\/potatislimpa-jaesning1-360x163.jpg 360w, https:\/\/zallan.se\/wp-content\/uploads\/2014\/11\/potatislimpa-jaesning1.jpg 560w\" sizes=\"(max-width: 560px) 100vw, 560px\" \/><\/p>\n<\/div><div class=\"fusion-clearfix\"><\/div><\/div><\/div><div class=\"fusion-layout-column fusion_builder_column fusion-builder-column-1 fusion_builder_column_1_2 1_2 fusion-one-half fusion-column-last\" style=\"--awb-bg-size:cover;width:50%;width:calc(50% - ( ( 4% ) * 0.5 ) );\"><div class=\"fusion-column-wrapper fusion-flex-column-wrapper-legacy\"><div class=\"fusion-text fusion-text-2\"><h2><strong>Potatislimpa<\/strong><\/h2>\n<p><strong>2 st<\/strong><br \/>\n50 g j\u00e4st<br \/>\n50 sm\u00f6r eller margarin<br \/>\n5 dl l\u00e4ttmj\u00f6lk<br \/>\n200 g kokt skalad och riven potatis<br \/>\n1\u00bd tsk salt<br \/>\n1 msk rostade st\u00f6tta f\u00e4nk\u00e5lsfr\u00f6n<br \/>\n1 msk honung<br \/>\n5 dl (275 g) r\u00e5gmj\u00f6l<br \/>\n5 dl (275 g) r\u00e5gsikt<br \/>\n3-4 dl (180-240 g) vetemj\u00f6l<br \/>\n1\u00bd msk pumpafr\u00f6n till garnering<\/p>\n<\/div><div class=\"fusion-clearfix\"><\/div><\/div><\/div><div class=\"fusion-layout-column fusion_builder_column fusion-builder-column-2 fusion_builder_column_1_2 1_2 fusion-one-half fusion-column-first\" style=\"--awb-bg-size:cover;width:48%; margin-right: 4%;\"><div class=\"fusion-column-wrapper fusion-flex-column-wrapper-legacy\"><div class=\"fusion-text fusion-text-3\"><p>V\u00e4rm ugnen till 200\u00b0<br \/>\nSmula j\u00e4sten i degbunken. Sm\u00e4lt matfettet, tills\u00e4tt mj\u00f6lken och v\u00e4rm till 37\u00b0 Sl\u00e5 lite av degspadet \u00f6ver j\u00e4sten i bunken och r\u00f6r tills den l\u00f6st sig. Tills\u00e4tt resten av v\u00e4tskan, den rivna potatisen, saltet, f\u00e4nk\u00e5len och r\u00f6r om. H\u00e4ll i allt r\u00e5gmj\u00f6l och r\u00e5gsikten och k\u00f6r maskinen p\u00e5 ganska l\u00e5g hastighet tills allt blandats. Tills\u00e4tt sedan vetemj\u00f6l tills degen ser hanterbar ut, dvs inte alltf\u00f6r kladdig (ca 2 dl)och k\u00f6r en stund p\u00e5 lite h\u00f6gre hastighet. Spara resten av mj\u00f6let till utbakningen &#8211; minst 1 dl. L\u00e5t degen j\u00e4sa \u00f6vert\u00e4ckt 45-60 minuter.<br \/>\nTa upp degen och dela den i tv\u00e5 lika stora bitar som formas till sl\u00e4ta limpor. L\u00e4gg i 2 smorda 1\u00bd-litersformar. T\u00e4ck med bakduk och l\u00e5t j\u00e4sa ca 30 minuter. Pensla br\u00f6den med vatten eller uppvispad \u00e4ggvita och str\u00f6 \u00f6ver pumpafr\u00f6n. Gr\u00e4dda i ca 40 minuter. L\u00e5t br\u00f6den svalna en stund innan de tas ur formarna och f\u00e5r svalna p\u00e5 galler.<\/p>\n<\/div><div class=\"fusion-clearfix\"><\/div><\/div><\/div><div class=\"fusion-layout-column fusion_builder_column fusion-builder-column-3 fusion_builder_column_1_1 1_1 fusion-one-full fusion-column-last fusion-column-no-min-height\" style=\"--awb-bg-size:cover;--awb-margin-bottom:0px;\"><div class=\"fusion-column-wrapper fusion-flex-column-wrapper-legacy\"><div class=\"fusion-sep-clear\"><\/div><div class=\"fusion-separator fusion-full-width-sep\" style=\"margin-left: auto;margin-right: auto;margin-top:40px;margin-bottom:40px;width:100%;\"><div class=\"fusion-separator-border sep-shadow\" style=\"--awb-height:20px;--awb-amount:20px;background:radial-gradient(ellipse at 50% -50% , #e0dede 0px, rgba(255, 255, 255, 0) 80%) repeat scroll 0 0 rgba(0, 0, 0, 0);background:-webkit-radial-gradient(ellipse at 50% -50% , #e0dede 0px, rgba(255, 255, 255, 0) 80%) repeat scroll 0 0 rgba(0, 0, 0, 0);background:-moz-radial-gradient(ellipse at 50% -50% , #e0dede 0px, rgba(255, 255, 255, 0) 80%) repeat scroll 0 0 rgba(0, 0, 0, 0);background:-o-radial-gradient(ellipse at 50% -50% , #e0dede 0px, rgba(255, 255, 255, 0) 80%) repeat scroll 0 0 rgba(0, 0, 0, 0);\"><\/div><\/div><div class=\"fusion-sep-clear\"><\/div><div class=\"fusion-clearfix\"><\/div><\/div><\/div><\/div><\/div>\n","protected":false},"excerpt":{"rendered":"","protected":false},"author":3,"featured_media":0,"parent":221,"menu_order":193,"comment_status":"open","ping_status":"open","template":"","meta":{"footnotes":""},"class_list":["post-3110","page","type-page","status-publish","hentry"],"_links":{"self":[{"href":"https:\/\/zallan.se\/index.php?rest_route=\/wp\/v2\/pages\/3110","targetHints":{"allow":["GET"]}}],"collection":[{"href":"https:\/\/zallan.se\/index.php?rest_route=\/wp\/v2\/pages"}],"about":[{"href":"https:\/\/zallan.se\/index.php?rest_route=\/wp\/v2\/types\/page"}],"author":[{"embeddable":true,"href":"https:\/\/zallan.se\/index.php?rest_route=\/wp\/v2\/users\/3"}],"replies":[{"embeddable":true,"href":"https:\/\/zallan.se\/index.php?rest_route=%2Fwp%2Fv2%2Fcomments&post=3110"}],"version-history":[{"count":1,"href":"https:\/\/zallan.se\/index.php?rest_route=\/wp\/v2\/pages\/3110\/revisions"}],"predecessor-version":[{"id":6051,"href":"https:\/\/zallan.se\/index.php?rest_route=\/wp\/v2\/pages\/3110\/revisions\/6051"}],"up":[{"embeddable":true,"href":"https:\/\/zallan.se\/index.php?rest_route=\/wp\/v2\/pages\/221"}],"wp:attachment":[{"href":"https:\/\/zallan.se\/index.php?rest_route=%2Fwp%2Fv2%2Fmedia&parent=3110"}],"curies":[{"name":"wp","href":"https:\/\/api.w.org\/{rel}","templated":true}]}}