{"id":2498,"date":"2014-07-01T17:08:29","date_gmt":"2014-07-01T15:08:29","guid":{"rendered":"http:\/\/zallan.se\/?page_id=2498"},"modified":"2019-05-09T14:15:25","modified_gmt":"2019-05-09T12:15:25","slug":"vet-butterkaka","status":"publish","type":"page","link":"https:\/\/zallan.se\/?page_id=2498","title":{"rendered":"Butterkaka"},"content":{"rendered":"<div class=\"fusion-fullwidth fullwidth-box fusion-builder-row-1 hundred-percent-fullwidth non-hundred-percent-height-scrolling\" style=\"--awb-border-radius-top-left:0px;--awb-border-radius-top-right:0px;--awb-border-radius-bottom-right:0px;--awb-border-radius-bottom-left:0px;--awb-overflow:visible;--awb-padding-right:30px;--awb-padding-left:30px;--awb-flex-wrap:wrap;\" ><div class=\"fusion-builder-row fusion-row\"><div class=\"fusion-layout-column fusion_builder_column fusion-builder-column-0 fusion_builder_column_1_2 1_2 fusion-one-half fusion-column-first\" style=\"--awb-bg-size:cover;width:50%;width:calc(50% - ( ( 4% ) * 0.5 ) );margin-right: 4%;\"><div class=\"fusion-column-wrapper fusion-flex-column-wrapper-legacy\"><div class=\"fusion-text fusion-text-1\"><p><a href=\"http:\/\/zallan.se\/wp-content\/uploads\/2013\/11\/Butterkaka.jpg\"><img decoding=\"async\" class=\"alignnone wp-image-2493 size-full\" src=\"http:\/\/zallan.se\/wp-content\/uploads\/2013\/11\/Butterkaka.jpg\" alt=\"Butterkaka\" width=\"560\" height=\"547\" srcset=\"https:\/\/zallan.se\/wp-content\/uploads\/2013\/11\/Butterkaka-52x50.jpg 52w, https:\/\/zallan.se\/wp-content\/uploads\/2013\/11\/Butterkaka-276x270.jpg 276w, https:\/\/zallan.se\/wp-content\/uploads\/2013\/11\/Butterkaka.jpg 560w\" sizes=\"(max-width: 560px) 100vw, 560px\" \/><\/a><\/p>\n<\/div><div class=\"fusion-clearfix\"><\/div><\/div><\/div><div class=\"fusion-layout-column fusion_builder_column fusion-builder-column-1 fusion_builder_column_1_2 1_2 fusion-one-half fusion-column-last\" style=\"--awb-bg-size:cover;width:50%;width:calc(50% - ( ( 4% ) * 0.5 ) );\"><div class=\"fusion-column-wrapper fusion-flex-column-wrapper-legacy\"><div class=\"fusion-text fusion-text-2\"><h2><strong>Butterkaka<\/strong><\/h2>\n<p><strong>1 st<\/strong><\/p>\n<p>1 1\/4 dl standardmj\u00f6lk<br \/>\n25 g j\u00e4st<br \/>\n100 g sm\u00f6r i t\u00e4rningar<br \/>\nca 5 dl vetemj\u00f6l g\u00e4rna special<br \/>\n1 msk str\u00f6socker<br \/>\n1 krm salt<br \/>\n1 \u00e4gg<br \/>\n1 tsk st\u00f6tt kardemumma<br \/>\n<em>Fyllning:<\/em><br \/>\n100 g sm\u00f6r<br \/>\n3\/4 dl str\u00f6socker<br \/>\n1 tsk kanel<br \/>\n1 tsk st\u00f6tt kardemumma<br \/>\n\u00e4gg till pensling och flagad mandel till garnering<br \/>\n<span style=\"font-size: 14px; line-height: 1.5em;\"><\/p>\n<\/div><div class=\"fusion-clearfix\"><\/div><\/div><\/div><div class=\"fusion-layout-column fusion_builder_column fusion-builder-column-2 fusion_builder_column_1_1 1_1 fusion-one-full fusion-column-first fusion-column-last\" style=\"--awb-bg-size:cover;--awb-margin-bottom:0px;\"><div class=\"fusion-column-wrapper fusion-flex-column-wrapper-legacy\"><div class=\"fusion-text fusion-text-3\"><p><\/span><\/p>\n<\/div><div class=\"fusion-clearfix\"><\/div><\/div><\/div><div class=\"fusion-layout-column fusion_builder_column fusion-builder-column-3 fusion_builder_column_1_2 1_2 fusion-one-half fusion-column-first\" style=\"--awb-bg-size:cover;width:50%;width:calc(50% - ( ( 4% ) * 0.5 ) );margin-right: 4%;\"><div class=\"fusion-column-wrapper fusion-flex-column-wrapper-legacy\"><div class=\"fusion-text fusion-text-4\"><p>Smula j\u00e4sten i en degsk\u00e5l. V\u00e4rm mj\u00f6lken till 37 grader, tills\u00e4tt detta och r\u00f6r tills j\u00e4sten l\u00f6st sig. Blanda ner socker, salt, uppvispat \u00e4gg och det mesta av mj\u00f6let och k\u00f6r ig\u00e5ng maskinen. Tills\u00e4tt det hackade sm\u00f6ret och k\u00f6r till en smidig deg. L\u00e5t j\u00e4sa under duk ca 45 minuter. Blanda ihop fyllningen. Sm\u00f6rj en form med l\u00f6stagbar kant, ca 22 cm i diameter.<\/p>\n<p>Ta upp degen p\u00e5 mj\u00f6lat bakbord och kn\u00e5da den l\u00e4tt. Kavla ut till en kaka, ca 30&#215;50 cm och bred p\u00e5 fyllningen. Rulla ihop och sk\u00e4r i ca 12 bitar, som l\u00e4ggs med snittytan upp i den smorda formen. \u00a0L\u00e4gg g\u00e4rna ett bakpl\u00e5tspapper i botten s\u00e5 sm\u00f6ret inte rinner ut p\u00e5 pl\u00e5ten.<br \/>\nL\u00e5t j\u00e4sa under duk i ca 40 minuter. S\u00e4tt ugnen p\u00e5 225 grader. Pensla med uppvispat \u00e4gg och str\u00f6 p\u00e5 flagad mandel. Gr\u00e4dda i nedre delen av ugnen ca 20 minuter. L\u00e5t svalna n\u00e5got innan den tas ur formen och f\u00e5r svalna p\u00e5 galler med duk \u00f6ver.<\/p>\n<\/div><div class=\"fusion-clearfix\"><\/div><\/div><\/div><div class=\"fusion-layout-column fusion_builder_column fusion-builder-column-4 fusion_builder_column_1_2 1_2 fusion-one-half fusion-column-last\" style=\"--awb-bg-size:cover;width:50%;width:calc(50% - ( ( 4% ) * 0.5 ) );\"><div class=\"fusion-column-wrapper fusion-flex-column-wrapper-legacy\"><div class=\"fusion-text fusion-text-5\"><p><a href=\"http:\/\/zallan.se\/wp-content\/uploads\/2014\/07\/Butterkaka-deg.jpg\"><img decoding=\"async\" class=\"aligncenter size-medium wp-image-2502\" src=\"http:\/\/zallan.se\/wp-content\/uploads\/2014\/07\/Butterkaka-deg-360x270.jpg\" alt=\"Butterkaka deg\" width=\"360\" height=\"270\" srcset=\"https:\/\/zallan.se\/wp-content\/uploads\/2014\/07\/Butterkaka-deg-180x135.jpg 180w, https:\/\/zallan.se\/wp-content\/uploads\/2014\/07\/Butterkaka-deg-200x150.jpg 200w, https:\/\/zallan.se\/wp-content\/uploads\/2014\/07\/Butterkaka-deg-360x270.jpg 360w, https:\/\/zallan.se\/wp-content\/uploads\/2014\/07\/Butterkaka-deg.jpg 560w\" sizes=\"(max-width: 360px) 100vw, 360px\" \/><\/a><\/p>\n<\/div><div class=\"fusion-clearfix\"><\/div><\/div><\/div><div class=\"fusion-layout-column fusion_builder_column fusion-builder-column-5 fusion_builder_column_1_1 1_1 fusion-one-full fusion-column-first fusion-column-last fusion-column-no-min-height\" style=\"--awb-bg-size:cover;--awb-margin-bottom:0px;\"><div class=\"fusion-column-wrapper fusion-flex-column-wrapper-legacy\"><div class=\"fusion-sep-clear\"><\/div><div class=\"fusion-separator fusion-full-width-sep\" style=\"margin-left: auto;margin-right: auto;margin-top:40px;margin-bottom:40px;width:100%;\"><div class=\"fusion-separator-border sep-shadow\" style=\"--awb-height:20px;--awb-amount:20px;background:radial-gradient(ellipse at 50% -50% , #e0dede 0px, rgba(255, 255, 255, 0) 80%) repeat scroll 0 0 rgba(0, 0, 0, 0);background:-webkit-radial-gradient(ellipse at 50% -50% , #e0dede 0px, rgba(255, 255, 255, 0) 80%) repeat scroll 0 0 rgba(0, 0, 0, 0);background:-moz-radial-gradient(ellipse at 50% -50% , #e0dede 0px, rgba(255, 255, 255, 0) 80%) repeat scroll 0 0 rgba(0, 0, 0, 0);background:-o-radial-gradient(ellipse at 50% -50% , #e0dede 0px, rgba(255, 255, 255, 0) 80%) repeat scroll 0 0 rgba(0, 0, 0, 0);\"><\/div><\/div><div class=\"fusion-sep-clear\"><\/div><div class=\"fusion-clearfix\"><\/div><\/div><\/div><\/div><\/div>\n","protected":false},"excerpt":{"rendered":"","protected":false},"author":3,"featured_media":0,"parent":238,"menu_order":295,"comment_status":"open","ping_status":"open","template":"100-width.php","meta":{"footnotes":""},"class_list":["post-2498","page","type-page","status-publish","hentry"],"_links":{"self":[{"href":"https:\/\/zallan.se\/index.php?rest_route=\/wp\/v2\/pages\/2498","targetHints":{"allow":["GET"]}}],"collection":[{"href":"https:\/\/zallan.se\/index.php?rest_route=\/wp\/v2\/pages"}],"about":[{"href":"https:\/\/zallan.se\/index.php?rest_route=\/wp\/v2\/types\/page"}],"author":[{"embeddable":true,"href":"https:\/\/zallan.se\/index.php?rest_route=\/wp\/v2\/users\/3"}],"replies":[{"embeddable":true,"href":"https:\/\/zallan.se\/index.php?rest_route=%2Fwp%2Fv2%2Fcomments&post=2498"}],"version-history":[{"count":1,"href":"https:\/\/zallan.se\/index.php?rest_route=\/wp\/v2\/pages\/2498\/revisions"}],"predecessor-version":[{"id":6138,"href":"https:\/\/zallan.se\/index.php?rest_route=\/wp\/v2\/pages\/2498\/revisions\/6138"}],"up":[{"embeddable":true,"href":"https:\/\/zallan.se\/index.php?rest_route=\/wp\/v2\/pages\/238"}],"wp:attachment":[{"href":"https:\/\/zallan.se\/index.php?rest_route=%2Fwp%2Fv2%2Fmedia&parent=2498"}],"curies":[{"name":"wp","href":"https:\/\/api.w.org\/{rel}","templated":true}]}}