{"id":1943,"date":"2014-02-15T14:33:26","date_gmt":"2014-02-15T13:33:26","guid":{"rendered":"http:\/\/zallan.se\/?page_id=1943"},"modified":"2019-05-08T13:21:14","modified_gmt":"2019-05-08T11:21:14","slug":"kak-mandelbrod","status":"publish","type":"page","link":"https:\/\/zallan.se\/?page_id=1943","title":{"rendered":"Mandelbr\u00f6d"},"content":{"rendered":"<div class=\"fusion-fullwidth fullwidth-box fusion-builder-row-1 hundred-percent-fullwidth non-hundred-percent-height-scrolling\" style=\"--awb-border-radius-top-left:0px;--awb-border-radius-top-right:0px;--awb-border-radius-bottom-right:0px;--awb-border-radius-bottom-left:0px;--awb-overflow:visible;--awb-padding-right:30px;--awb-padding-left:30px;--awb-flex-wrap:wrap;\" ><div class=\"fusion-builder-row fusion-row\"><div class=\"fusion-layout-column fusion_builder_column fusion-builder-column-0 fusion_builder_column_1_2 1_2 fusion-one-half fusion-column-first\" style=\"--awb-bg-size:cover;width:50%;width:calc(50% - ( ( 4% ) * 0.5 ) );margin-right: 4%;\"><div class=\"fusion-column-wrapper fusion-flex-column-wrapper-legacy\"><div class=\"fusion-text fusion-text-1\"><p><img decoding=\"async\" class=\"alignnone wp-image-1945\" src=\"http:\/\/zallan.se\/wp-content\/uploads\/2014\/02\/KAKmandelb1-360x270.jpg\" alt=\"\" width=\"496\" height=\"372\" srcset=\"https:\/\/zallan.se\/wp-content\/uploads\/2014\/02\/KAKmandelb1-180x135.jpg 180w, https:\/\/zallan.se\/wp-content\/uploads\/2014\/02\/KAKmandelb1-200x150.jpg 200w, https:\/\/zallan.se\/wp-content\/uploads\/2014\/02\/KAKmandelb1-360x270.jpg 360w, https:\/\/zallan.se\/wp-content\/uploads\/2014\/02\/KAKmandelb1.jpg 560w\" sizes=\"(max-width: 496px) 100vw, 496px\" \/><\/p>\n<\/div><div class=\"fusion-sep-clear\"><\/div><div class=\"fusion-separator fusion-full-width-sep\" style=\"margin-left: auto;margin-right: auto;margin-top:10px;width:100%;\"><\/div><div class=\"fusion-sep-clear\"><\/div><div class=\"fusion-text fusion-text-2\"><p><img decoding=\"async\" class=\"alignnone wp-image-1947\" src=\"http:\/\/zallan.se\/wp-content\/uploads\/2014\/02\/KAKmandelb2-360x270.jpg\" alt=\"\" width=\"503\" height=\"377\" srcset=\"https:\/\/zallan.se\/wp-content\/uploads\/2014\/02\/KAKmandelb2-180x135.jpg 180w, https:\/\/zallan.se\/wp-content\/uploads\/2014\/02\/KAKmandelb2-200x150.jpg 200w, https:\/\/zallan.se\/wp-content\/uploads\/2014\/02\/KAKmandelb2-360x270.jpg 360w, https:\/\/zallan.se\/wp-content\/uploads\/2014\/02\/KAKmandelb2.jpg 560w\" sizes=\"(max-width: 503px) 100vw, 503px\" \/><\/p>\n<\/div><div class=\"fusion-sep-clear\"><\/div><div class=\"fusion-separator fusion-full-width-sep\" style=\"margin-left: auto;margin-right: auto;margin-top:10px;width:100%;\"><\/div><div class=\"fusion-sep-clear\"><\/div><div class=\"fusion-text fusion-text-3\"><p><img decoding=\"async\" class=\"alignnone wp-image-1948\" src=\"http:\/\/zallan.se\/wp-content\/uploads\/2014\/02\/KAKmandelb3-360x270.jpg\" alt=\"\" width=\"491\" height=\"368\" srcset=\"https:\/\/zallan.se\/wp-content\/uploads\/2014\/02\/KAKmandelb3-180x135.jpg 180w, https:\/\/zallan.se\/wp-content\/uploads\/2014\/02\/KAKmandelb3-200x150.jpg 200w, https:\/\/zallan.se\/wp-content\/uploads\/2014\/02\/KAKmandelb3-360x270.jpg 360w, https:\/\/zallan.se\/wp-content\/uploads\/2014\/02\/KAKmandelb3.jpg 560w\" sizes=\"(max-width: 491px) 100vw, 491px\" \/><\/p>\n<\/div><div class=\"fusion-clearfix\"><\/div><\/div><\/div><div class=\"fusion-layout-column fusion_builder_column fusion-builder-column-1 fusion_builder_column_1_2 1_2 fusion-one-half fusion-column-last\" style=\"--awb-bg-size:cover;width:50%;width:calc(50% - ( ( 4% ) * 0.5 ) );\"><div class=\"fusion-column-wrapper fusion-flex-column-wrapper-legacy\"><div class=\"fusion-text fusion-text-4\"><h2><strong>Mandelbr\u00f6d<\/strong><\/h2>\n<p><strong>ca 40 st<\/strong><br \/>\n<em>Deg<\/em>:<br \/>\n300 g vetemj\u00f6l<br \/>\n3\/4 tsk bakpulver<br \/>\n3\/4 tsk malen kanel<br \/>\n\u00bd tsk malen ingef\u00e4ra<br \/>\n1\/4 tsk malen kardemumma<br \/>\n\u00bd krm malda nejlikor<br \/>\n1\u00bd dl str\u00f6socker<br \/>\n150 g sm\u00f6r<br \/>\nfinrivet skal av \u00bd citron<br \/>\n1 \u00e4gg<\/p>\n<p><em>Fyllning<\/em>:<br \/>\n\u00bd kg f\u00e4rdig mandelmassa<br \/>\nfinrivet skal av \u00bd citron<br \/>\n\u00bd \u00e4gg, r\u00f6d och gr\u00f6n karamellf\u00e4rg<\/p>\n<p><em>Pensling<\/em> :<br \/>\n\u00bd \u00e4gg<\/p>\n<p>Blanda mj\u00f6l, bakpulver, kryddor och socker i en sk\u00e5l. Finf\u00f6rdela matfettet i mj\u00f6let till en grynig massa. Tills\u00e4tt citronskalet. Vispa upp \u00e4gget och tills\u00e4tt i smuldegen. Arbeta ihop till en smidig deg, som f\u00e5r vila i kylsk\u00e5pet ca 1 timme.<br \/>\nBlanda f\u00e4rdig mandelmassa med citronskal och \u00e4gg. Dela sedan mandelmassan i tv\u00e5 lika stora delar och f\u00e4rga den ena r\u00f6d och den andra gr\u00f6n med karamellf\u00e4rg. Rulla varje del till l\u00e4ngder n\u00e4stan lika l\u00e5nga som pl\u00e5ten. St\u00e4ll kallt. S\u00e4tt ugnen p\u00e5 200 grader.<br \/>\nMj\u00f6la bakbordet l\u00e4tt och dela degen i tv\u00e5 lika stora delar. Kavla ut varje platta tunt till en rektangul\u00e4r kaka ca 15 cm bred och lika l\u00e5ng som mandelmassel\u00e4ngderna. L\u00e4gg p\u00e5 fyllningsrullarna och svep om degen. L\u00e4gg sedan med skarven ned\u00e5t p\u00e5 bakpl\u00e5tspapper. Pensla l\u00e4ngderna med resten av \u00e4gget. Gr\u00e4dda i 20-25 minuter. L\u00e5t kallna p\u00e5 pl\u00e5ten och sk\u00e4r sedan sneda i skivor.<\/p>\n<\/div><div class=\"fusion-clearfix\"><\/div><\/div><\/div><\/div><\/div>\n","protected":false},"excerpt":{"rendered":"","protected":false},"author":3,"featured_media":0,"parent":216,"menu_order":111,"comment_status":"open","ping_status":"open","template":"100-width.php","meta":{"footnotes":""},"class_list":["post-1943","page","type-page","status-publish","hentry"],"_links":{"self":[{"href":"https:\/\/zallan.se\/index.php?rest_route=\/wp\/v2\/pages\/1943","targetHints":{"allow":["GET"]}}],"collection":[{"href":"https:\/\/zallan.se\/index.php?rest_route=\/wp\/v2\/pages"}],"about":[{"href":"https:\/\/zallan.se\/index.php?rest_route=\/wp\/v2\/types\/page"}],"author":[{"embeddable":true,"href":"https:\/\/zallan.se\/index.php?rest_route=\/wp\/v2\/users\/3"}],"replies":[{"embeddable":true,"href":"https:\/\/zallan.se\/index.php?rest_route=%2Fwp%2Fv2%2Fcomments&post=1943"}],"version-history":[{"count":2,"href":"https:\/\/zallan.se\/index.php?rest_route=\/wp\/v2\/pages\/1943\/revisions"}],"predecessor-version":[{"id":5963,"href":"https:\/\/zallan.se\/index.php?rest_route=\/wp\/v2\/pages\/1943\/revisions\/5963"}],"up":[{"embeddable":true,"href":"https:\/\/zallan.se\/index.php?rest_route=\/wp\/v2\/pages\/216"}],"wp:attachment":[{"href":"https:\/\/zallan.se\/index.php?rest_route=%2Fwp%2Fv2%2Fmedia&parent=1943"}],"curies":[{"name":"wp","href":"https:\/\/api.w.org\/{rel}","templated":true}]}}