{"id":1627,"date":"2014-02-11T16:58:00","date_gmt":"2014-02-11T15:58:00","guid":{"rendered":"http:\/\/zallan.se\/?page_id=1627"},"modified":"2019-05-09T14:07:21","modified_gmt":"2019-05-09T12:07:21","slug":"veg-indisk-gronsaksblandning","status":"publish","type":"page","link":"https:\/\/zallan.se\/?page_id=1627","title":{"rendered":"Indisk gr\u00f6nsaksblandning"},"content":{"rendered":"<div class=\"fusion-fullwidth fullwidth-box fusion-builder-row-1 hundred-percent-fullwidth non-hundred-percent-height-scrolling\" style=\"--awb-border-radius-top-left:0px;--awb-border-radius-top-right:0px;--awb-border-radius-bottom-right:0px;--awb-border-radius-bottom-left:0px;--awb-overflow:visible;--awb-padding-right:30px;--awb-padding-left:30px;--awb-flex-wrap:wrap;\" ><div class=\"fusion-builder-row fusion-row\"><div class=\"fusion-layout-column fusion_builder_column fusion-builder-column-0 fusion_builder_column_1_2 1_2 fusion-one-half fusion-column-first\" style=\"--awb-bg-size:cover;width:50%;width:calc(50% - ( ( 4% ) * 0.5 ) );margin-right: 4%;\"><div class=\"fusion-column-wrapper fusion-flex-column-wrapper-legacy\"><div class=\"fusion-image-element in-legacy-container\" style=\"--awb-caption-title-font-family:var(--h2_typography-font-family);--awb-caption-title-font-weight:var(--h2_typography-font-weight);--awb-caption-title-font-style:var(--h2_typography-font-style);--awb-caption-title-size:var(--h2_typography-font-size);--awb-caption-title-transform:var(--h2_typography-text-transform);--awb-caption-title-line-height:var(--h2_typography-line-height);--awb-caption-title-letter-spacing:var(--h2_typography-letter-spacing);\"><span class=\" fusion-imageframe imageframe-none imageframe-1 hover-type-none\"><img decoding=\"async\" width=\"560\" height=\"420\" title=\"VEGindiska-gronnsaker.jpg\" src=\"http:\/\/zallan.se\/wp-content\/uploads\/2014\/02\/VEGindiska-gronnsaker.jpg\" alt class=\"img-responsive wp-image-1634\" srcset=\"https:\/\/zallan.se\/wp-content\/uploads\/2014\/02\/VEGindiska-gronnsaker-200x150.jpg 200w, https:\/\/zallan.se\/wp-content\/uploads\/2014\/02\/VEGindiska-gronnsaker.jpg 560w\" sizes=\"(max-width: 900px) 100vw, 560px\" \/><\/span><\/div><div class=\"fusion-clearfix\"><\/div><\/div><\/div><div class=\"fusion-layout-column fusion_builder_column fusion-builder-column-1 fusion_builder_column_1_2 1_2 fusion-one-half fusion-column-last\" style=\"--awb-bg-size:cover;width:50%;width:calc(50% - ( ( 4% ) * 0.5 ) );\"><div class=\"fusion-column-wrapper fusion-flex-column-wrapper-legacy\"><div class=\"fusion-text fusion-text-1\"><h2><strong>Indisk gr\u00f6nsaksblandning<\/strong><\/h2>\n<p><strong> 4 pers<\/strong><br \/>\n1 litet blomk\u00e5lshuvud eller ca 250 g blomk\u00e5lsbuketter<br \/>\n1 purjol\u00f6k, 200 g (frysta) haricots verts<br \/>\n150 g fryst okra<br \/>\n1 r\u00f6d chili<br \/>\n1 vitl\u00f6ksklyfta<br \/>\n1 msk gula senapsfr\u00f6n<br \/>\n1 tsk gurkmeja<br \/>\nsalt<br \/>\nrapsolja<br \/>\nmargarin<\/p>\n<\/div><div class=\"fusion-clearfix\"><\/div><\/div><\/div><div class=\"fusion-layout-column fusion_builder_column fusion-builder-column-2 fusion_builder_column_1_2 1_2 fusion-one-half fusion-column-first\" style=\"--awb-bg-size:cover;width:48%; margin-right: 4%;\"><div class=\"fusion-column-wrapper fusion-flex-column-wrapper-legacy\"><div class=\"fusion-text fusion-text-2\"><p>Sk\u00e4r blomk\u00e5lshuvudet i sm\u00e5 buketter och f\u00f6rv\u00e4ll den n\u00e5gra minuter i l\u00e4ttsaltat vatten. Snitta upp och sk\u00f6lj purjol\u00f6ken och sk\u00e4r den i sneda bitar. Finhacka vitl\u00f6ken. K\u00e4rna eventuellt ur chilin (om man inte gillar stark mat) och hacka den. V\u00e4rm b\u00f6norna och okran enligt p\u00e5sens anvisningar. Hetta upp oljan och lite margarin i en stekpanna och l\u00e4gg i senapsfr\u00f6na. N\u00e4r de b\u00f6rjar &#8216;poppa&#8217; s\u00e4nk v\u00e4rmen och tills\u00e4tt vitl\u00f6k och gurkmeja och fr\u00e4s n\u00e5gra minuter under omr\u00f6rning. Tills\u00e4tt blomk\u00e5len, b\u00f6norna och okran och blanda om. Stek inte f\u00f6r l\u00e4nge, gr\u00f6nsakerna ska ha lite tuggmotst\u00e5nd. Tills\u00e4tt till sist purjol\u00f6ken, r\u00f6r n\u00e5gra varv och smaka av. Tills\u00e4tt mer kryddor efter egen smak.<\/p>\n<\/div><div class=\"fusion-clearfix\"><\/div><\/div><\/div><div class=\"fusion-layout-column fusion_builder_column fusion-builder-column-3 fusion_builder_column_1_1 1_1 fusion-one-full fusion-column-last fusion-column-no-min-height\" style=\"--awb-bg-size:cover;--awb-margin-bottom:0px;\"><div class=\"fusion-column-wrapper fusion-flex-column-wrapper-legacy\"><div class=\"fusion-sep-clear\"><\/div><div class=\"fusion-separator fusion-full-width-sep\" style=\"margin-left: auto;margin-right: auto;width:100%;\"><div class=\"fusion-separator-border sep-shadow\" style=\"--awb-height:20px;--awb-amount:20px;background:radial-gradient(ellipse at 50% -50% , #e0dede 0px, rgba(255, 255, 255, 0) 80%) repeat scroll 0 0 rgba(0, 0, 0, 0);background:-webkit-radial-gradient(ellipse at 50% -50% , #e0dede 0px, rgba(255, 255, 255, 0) 80%) repeat scroll 0 0 rgba(0, 0, 0, 0);background:-moz-radial-gradient(ellipse at 50% -50% , #e0dede 0px, rgba(255, 255, 255, 0) 80%) repeat scroll 0 0 rgba(0, 0, 0, 0);background:-o-radial-gradient(ellipse at 50% -50% , #e0dede 0px, rgba(255, 255, 255, 0) 80%) repeat scroll 0 0 rgba(0, 0, 0, 0);\"><\/div><\/div><div class=\"fusion-sep-clear\"><\/div><div class=\"fusion-clearfix\"><\/div><\/div><\/div><\/div><\/div>\n","protected":false},"excerpt":{"rendered":"","protected":false},"author":3,"featured_media":0,"parent":236,"menu_order":289,"comment_status":"open","ping_status":"open","template":"100-width.php","meta":{"footnotes":""},"class_list":["post-1627","page","type-page","status-publish","hentry"],"_links":{"self":[{"href":"https:\/\/zallan.se\/index.php?rest_route=\/wp\/v2\/pages\/1627","targetHints":{"allow":["GET"]}}],"collection":[{"href":"https:\/\/zallan.se\/index.php?rest_route=\/wp\/v2\/pages"}],"about":[{"href":"https:\/\/zallan.se\/index.php?rest_route=\/wp\/v2\/types\/page"}],"author":[{"embeddable":true,"href":"https:\/\/zallan.se\/index.php?rest_route=\/wp\/v2\/users\/3"}],"replies":[{"embeddable":true,"href":"https:\/\/zallan.se\/index.php?rest_route=%2Fwp%2Fv2%2Fcomments&post=1627"}],"version-history":[{"count":1,"href":"https:\/\/zallan.se\/index.php?rest_route=\/wp\/v2\/pages\/1627\/revisions"}],"predecessor-version":[{"id":6131,"href":"https:\/\/zallan.se\/index.php?rest_route=\/wp\/v2\/pages\/1627\/revisions\/6131"}],"up":[{"embeddable":true,"href":"https:\/\/zallan.se\/index.php?rest_route=\/wp\/v2\/pages\/236"}],"wp:attachment":[{"href":"https:\/\/zallan.se\/index.php?rest_route=%2Fwp%2Fv2%2Fmedia&parent=1627"}],"curies":[{"name":"wp","href":"https:\/\/api.w.org\/{rel}","templated":true}]}}