{"id":1602,"date":"2014-02-10T12:48:25","date_gmt":"2014-02-10T11:48:25","guid":{"rendered":"http:\/\/zallan.se\/?page_id=1602"},"modified":"2019-05-08T12:59:36","modified_gmt":"2019-05-08T10:59:36","slug":"god-saffransfudge","status":"publish","type":"page","link":"https:\/\/zallan.se\/?page_id=1602","title":{"rendered":"Saffransfudge"},"content":{"rendered":"<div class=\"fusion-fullwidth fullwidth-box fusion-builder-row-1 hundred-percent-fullwidth non-hundred-percent-height-scrolling\" style=\"--awb-border-radius-top-left:0px;--awb-border-radius-top-right:0px;--awb-border-radius-bottom-right:0px;--awb-border-radius-bottom-left:0px;--awb-overflow:visible;--awb-padding-right:30px;--awb-padding-left:30px;--awb-flex-wrap:wrap;\" ><div class=\"fusion-builder-row fusion-row\"><div class=\"fusion-layout-column fusion_builder_column fusion-builder-column-0 fusion_builder_column_1_2 1_2 fusion-one-half fusion-column-first\" style=\"--awb-bg-size:cover;width:50%;width:calc(50% - ( ( 4% ) * 0.5 ) );margin-right: 4%;\"><div class=\"fusion-column-wrapper fusion-flex-column-wrapper-legacy\"><div class=\"fusion-text fusion-text-1\"><p><img decoding=\"async\" class=\"alignnone wp-image-1604\" src=\"http:\/\/zallan.se\/wp-content\/uploads\/2014\/02\/GODsaffransfudge-360x270.jpg\" alt=\"\" width=\"493\" height=\"370\" srcset=\"https:\/\/zallan.se\/wp-content\/uploads\/2014\/02\/GODsaffransfudge-180x135.jpg 180w, https:\/\/zallan.se\/wp-content\/uploads\/2014\/02\/GODsaffransfudge-200x150.jpg 200w, https:\/\/zallan.se\/wp-content\/uploads\/2014\/02\/GODsaffransfudge-360x270.jpg 360w, https:\/\/zallan.se\/wp-content\/uploads\/2014\/02\/GODsaffransfudge.jpg 560w\" sizes=\"(max-width: 493px) 100vw, 493px\" \/><\/p>\n<\/div><div class=\"fusion-clearfix\"><\/div><\/div><\/div><div class=\"fusion-layout-column fusion_builder_column fusion-builder-column-1 fusion_builder_column_1_2 1_2 fusion-one-half fusion-column-last\" style=\"--awb-bg-size:cover;width:50%;width:calc(50% - ( ( 4% ) * 0.5 ) );\"><div class=\"fusion-column-wrapper fusion-flex-column-wrapper-legacy\"><div class=\"fusion-text fusion-text-2\"><h2><strong>Saffransfudge<\/strong><\/h2>\n<p>2\u00bd dl vispgr\u00e4dde<br \/>\n3 dl str\u00f6socker<br \/>\n75 g vit choklad<br \/>\n1 pkt (\u00bd g) saffran<br \/>\nrostade kokosflingor (om man gillar)<\/p>\n<\/div><div class=\"fusion-clearfix\"><\/div><\/div><\/div><div class=\"fusion-layout-column fusion_builder_column fusion-builder-column-2 fusion_builder_column_1_2 1_2 fusion-one-half fusion-column-first\" style=\"--awb-bg-size:cover;width:48%; margin-right: 4%;\"><div class=\"fusion-column-wrapper fusion-flex-column-wrapper-legacy\"><div class=\"fusion-text fusion-text-3\"><p>Blanda gr\u00e4dde och socker i en stor kastrull. Koka upp under omr\u00f6rning och l\u00e5t koka tills massan \u00e4r uppe i ca 115 grader. Testa med ett kulprov. (H\u00e4ll lite smet i en sk\u00e5l med kallt vatten. Om det g\u00e5r l\u00e4tt att forma smeten till en kula \u00e4r den f\u00e4rdig). Kl\u00e4 en fyrkantig form, ca 10&#215;15 cm, med bakpl\u00e5tspapper och str\u00f6 \u00f6ver ett lager rostade kokosflingor. Hacka chokladen. Ta kastrullen fr\u00e5n plattan och r\u00f6r i saffran och hackad choklad. R\u00f6r tills chokladen sm\u00e4lt helt och h\u00e4ll sedan upp massan i formen. Str\u00f6 \u00f6ver rostade kokosflingor och l\u00e5t fudgen stelna. Sk\u00e4r den sedan i bitar och doppa ev kanterna i rostade kokosflingor.<\/p>\n<\/div><div class=\"fusion-clearfix\"><\/div><\/div><\/div><div class=\"fusion-layout-column fusion_builder_column fusion-builder-column-3 fusion_builder_column_1_1 1_1 fusion-one-full fusion-column-last fusion-column-no-min-height\" style=\"--awb-bg-size:cover;--awb-margin-bottom:0px;\"><div class=\"fusion-column-wrapper fusion-flex-column-wrapper-legacy\"><div class=\"fusion-sep-clear\"><\/div><div class=\"fusion-separator fusion-full-width-sep\" style=\"margin-left: auto;margin-right: auto;width:100%;\"><div class=\"fusion-separator-border sep-shadow\" style=\"--awb-height:20px;--awb-amount:20px;background:radial-gradient(ellipse at 50% -50% , #e0dede 0px, rgba(255, 255, 255, 0) 80%) repeat scroll 0 0 rgba(0, 0, 0, 0);background:-webkit-radial-gradient(ellipse at 50% -50% , #e0dede 0px, rgba(255, 255, 255, 0) 80%) repeat scroll 0 0 rgba(0, 0, 0, 0);background:-moz-radial-gradient(ellipse at 50% -50% , #e0dede 0px, rgba(255, 255, 255, 0) 80%) repeat scroll 0 0 rgba(0, 0, 0, 0);background:-o-radial-gradient(ellipse at 50% -50% , #e0dede 0px, rgba(255, 255, 255, 0) 80%) repeat scroll 0 0 rgba(0, 0, 0, 0);\"><\/div><\/div><div class=\"fusion-sep-clear\"><\/div><div class=\"fusion-clearfix\"><\/div><\/div><\/div><\/div><\/div>\n","protected":false},"excerpt":{"rendered":"","protected":false},"author":3,"featured_media":0,"parent":214,"menu_order":95,"comment_status":"open","ping_status":"open","template":"100-width.php","meta":{"footnotes":""},"class_list":["post-1602","page","type-page","status-publish","hentry"],"_links":{"self":[{"href":"https:\/\/zallan.se\/index.php?rest_route=\/wp\/v2\/pages\/1602","targetHints":{"allow":["GET"]}}],"collection":[{"href":"https:\/\/zallan.se\/index.php?rest_route=\/wp\/v2\/pages"}],"about":[{"href":"https:\/\/zallan.se\/index.php?rest_route=\/wp\/v2\/types\/page"}],"author":[{"embeddable":true,"href":"https:\/\/zallan.se\/index.php?rest_route=\/wp\/v2\/users\/3"}],"replies":[{"embeddable":true,"href":"https:\/\/zallan.se\/index.php?rest_route=%2Fwp%2Fv2%2Fcomments&post=1602"}],"version-history":[{"count":1,"href":"https:\/\/zallan.se\/index.php?rest_route=\/wp\/v2\/pages\/1602\/revisions"}],"predecessor-version":[{"id":5951,"href":"https:\/\/zallan.se\/index.php?rest_route=\/wp\/v2\/pages\/1602\/revisions\/5951"}],"up":[{"embeddable":true,"href":"https:\/\/zallan.se\/index.php?rest_route=\/wp\/v2\/pages\/214"}],"wp:attachment":[{"href":"https:\/\/zallan.se\/index.php?rest_route=%2Fwp%2Fv2%2Fmedia&parent=1602"}],"curies":[{"name":"wp","href":"https:\/\/api.w.org\/{rel}","templated":true}]}}