{"id":1231,"date":"2014-02-07T15:10:25","date_gmt":"2014-02-07T14:10:25","guid":{"rendered":"http:\/\/zallan.se\/?page_id=1231"},"modified":"2019-05-07T19:11:48","modified_gmt":"2019-05-07T17:11:48","slug":"div-senapsgurkor","status":"publish","type":"page","link":"https:\/\/zallan.se\/?page_id=1231","title":{"rendered":"Senapsgurkor"},"content":{"rendered":"<div class=\"fusion-fullwidth fullwidth-box fusion-builder-row-1 hundred-percent-fullwidth non-hundred-percent-height-scrolling\" style=\"--awb-border-radius-top-left:0px;--awb-border-radius-top-right:0px;--awb-border-radius-bottom-right:0px;--awb-border-radius-bottom-left:0px;--awb-overflow:visible;--awb-padding-right:30px;--awb-padding-left:30px;--awb-flex-wrap:wrap;\" ><div class=\"fusion-builder-row fusion-row\"><div class=\"fusion-layout-column fusion_builder_column fusion-builder-column-0 fusion_builder_column_1_2 1_2 fusion-one-half fusion-column-first\" style=\"--awb-bg-size:cover;width:50%;width:calc(50% - ( ( 4% ) * 0.5 ) );margin-right: 4%;\"><div class=\"fusion-column-wrapper fusion-flex-column-wrapper-legacy\"><div class=\"fusion-sep-clear\"><\/div><div class=\"fusion-separator fusion-full-width-sep\" style=\"margin-left: auto;margin-right: auto;margin-top:10px;width:100%;\"><\/div><div class=\"fusion-sep-clear\"><\/div><div class=\"fusion-text fusion-text-1\"><p><img decoding=\"async\" class=\"alignleft size-full wp-image-1234\" src=\"http:\/\/zallan.se\/wp-content\/uploads\/2014\/02\/DIVgurkor21.jpg\" alt=\"\" width=\"560\" height=\"420\" srcset=\"https:\/\/zallan.se\/wp-content\/uploads\/2014\/02\/DIVgurkor21-180x135.jpg 180w, https:\/\/zallan.se\/wp-content\/uploads\/2014\/02\/DIVgurkor21-200x150.jpg 200w, https:\/\/zallan.se\/wp-content\/uploads\/2014\/02\/DIVgurkor21-360x270.jpg 360w, https:\/\/zallan.se\/wp-content\/uploads\/2014\/02\/DIVgurkor21.jpg 560w\" sizes=\"(max-width: 560px) 100vw, 560px\" \/><\/p>\n<\/div><div class=\"fusion-clearfix\"><\/div><\/div><\/div><div class=\"fusion-layout-column fusion_builder_column fusion-builder-column-1 fusion_builder_column_1_2 1_2 fusion-one-half fusion-column-last\" style=\"--awb-bg-size:cover;width:50%;width:calc(50% - ( ( 4% ) * 0.5 ) );\"><div class=\"fusion-column-wrapper fusion-flex-column-wrapper-legacy\"><div class=\"fusion-text fusion-text-2\"><h2><strong>Senapsgurkor<\/strong><\/h2>\n<p>1,2 kg V\u00e4ster\u00e5sgurkor<br \/>\n2 msk gula senapskorn<br \/>\ndillkronor<\/p>\n<p><em>Lag:<\/em><br \/>\n2 grader Perstorps\u00e4ttika (1 grad=1dl 12%-ig \u00e4ttika),<br \/>\n4\u00bd kkp socker (6,75 dl)<br \/>\n1 kkp salt (1\u00bd dl)<br \/>\n2 flaskor (\u00e0 33 cl) vichyvatten<\/p>\n<p>Skiva gurkorna tunt, men skala dem inte. Varva ner i en stor burk med senapskorn och dillkronor. Blanda lagen och sl\u00e5 \u00f6ver gurkorna. Se till att allt socker och salt kommer med. St\u00e4ll in i kylen och r\u00f6r om en g\u00e5ng om dagen i 3 dagar. Viktigt, eftersom gurkorna annars kan m\u00f6gla. Efter 3 dagar \u00e4r de klara och h\u00e5ller sig d\u00e5 n\u00e5gra m\u00e5nader.<\/p>\n<\/div><div class=\"fusion-clearfix\"><\/div><\/div><\/div><\/div><\/div>\n","protected":false},"excerpt":{"rendered":"","protected":false},"author":3,"featured_media":0,"parent":1162,"menu_order":233,"comment_status":"open","ping_status":"open","template":"100-width.php","meta":{"footnotes":""},"class_list":["post-1231","page","type-page","status-publish","hentry"],"_links":{"self":[{"href":"https:\/\/zallan.se\/index.php?rest_route=\/wp\/v2\/pages\/1231","targetHints":{"allow":["GET"]}}],"collection":[{"href":"https:\/\/zallan.se\/index.php?rest_route=\/wp\/v2\/pages"}],"about":[{"href":"https:\/\/zallan.se\/index.php?rest_route=\/wp\/v2\/types\/page"}],"author":[{"embeddable":true,"href":"https:\/\/zallan.se\/index.php?rest_route=\/wp\/v2\/users\/3"}],"replies":[{"embeddable":true,"href":"https:\/\/zallan.se\/index.php?rest_route=%2Fwp%2Fv2%2Fcomments&post=1231"}],"version-history":[{"count":1,"href":"https:\/\/zallan.se\/index.php?rest_route=\/wp\/v2\/pages\/1231\/revisions"}],"predecessor-version":[{"id":5884,"href":"https:\/\/zallan.se\/index.php?rest_route=\/wp\/v2\/pages\/1231\/revisions\/5884"}],"up":[{"embeddable":true,"href":"https:\/\/zallan.se\/index.php?rest_route=\/wp\/v2\/pages\/1162"}],"wp:attachment":[{"href":"https:\/\/zallan.se\/index.php?rest_route=%2Fwp%2Fv2%2Fmedia&parent=1231"}],"curies":[{"name":"wp","href":"https:\/\/api.w.org\/{rel}","templated":true}]}}